{"id":21,"date":"2022-07-29T14:50:01","date_gmt":"2022-07-29T14:50:01","guid":{"rendered":"https:\/\/fasteignin.is\/?page_id=21"},"modified":"2022-08-04T14:36:29","modified_gmt":"2022-08-04T14:36:29","slug":"contact","status":"publish","type":"page","link":"https:\/\/fasteignin.is\/?page_id=21","title":{"rendered":"hafa samband"},"content":{"rendered":"\n<p class=\"has-text-align-center\">Bestu lei\u00f0ir til a\u00f0 hafa samband vi\u00f0 R\u00fanar \u00d6rn fasteignasala&#8230;<\/p>\n\n\n\n<p class=\"has-text-align-center\">s\u00edmi: <strong>771-5600<\/strong>  \/  <strong>runar@fastgraf.is<\/strong><\/p>\n\n\n\n<p class=\"has-text-align-center\">Einnig er h\u00e6gt a\u00f0 hafa samband \u00ed gegnum helstu samf\u00e9lagsmi\u00f0la, eins og Facebook, Instagram og WhatsApp. Notendanafn er: runarrafns<\/p>\n\n\n\n<p class=\"has-text-align-center\">Heimas\u00ed\u00f0a Fasteignas\u00f6lu Grafarvogs er: <a href=\"http:\/\/www.fastgraf.is\" data-type=\"URL\" data-id=\"www.fastgraf.is\" target=\"_blank\" rel=\"noreferrer noopener\">www.fastgraf.is<\/a><\/p>\n","protected":false},"excerpt":{"rendered":"<p>Bestu lei\u00f0ir til a\u00f0 hafa samband vi\u00f0 R\u00fanar \u00d6rn fasteignasala&#8230; s\u00edmi: 771-5600 \/ runar@fastgraf.is Einnig er h\u00e6gt a\u00f0 hafa samband \u00ed gegnum helstu samf\u00e9lagsmi\u00f0la, eins og Facebook, Instagram og WhatsApp. Notendanafn er: runarrafns Heimas\u00ed\u00f0a Fasteignas\u00f6lu Grafarvogs er: www.fastgraf.is<\/p>\n","protected":false},"author":1,"featured_media":0,"parent":0,"menu_order":0,"comment_status":"closed","ping_status":"closed","template":"","meta":{"footnotes":""},"class_list":["post-21","page","type-page","status-publish","hentry"],"_links":{"self":[{"href":"https:\/\/fasteignin.is\/index.php?rest_route=\/wp\/v2\/pages\/21","targetHints":{"allow":["GET"]}}],"collection":[{"href":"https:\/\/fasteignin.is\/index.php?rest_route=\/wp\/v2\/pages"}],"about":[{"href":"https:\/\/fasteignin.is\/index.php?rest_route=\/wp\/v2\/types\/page"}],"author":[{"embeddable":true,"href":"https:\/\/fasteignin.is\/index.php?rest_route=\/wp\/v2\/users\/1"}],"replies":[{"embeddable":true,"href":"https:\/\/fasteignin.is\/index.php?rest_route=%2Fwp%2Fv2%2Fcomments&post=21"}],"version-history":[{"count":7,"href":"https:\/\/fasteignin.is\/index.php?rest_route=\/wp\/v2\/pages\/21\/revisions"}],"predecessor-version":[{"id":116,"href":"https:\/\/fasteignin.is\/index.php?rest_route=\/wp\/v2\/pages\/21\/revisions\/116"}],"wp:attachment":[{"href":"https:\/\/fasteignin.is\/index.php?rest_route=%2Fwp%2Fv2%2Fmedia&parent=21"}],"curies":[{"name":"wp","href":"https:\/\/api.w.org\/{rel}","templated":true}]}}